{"id":443,"date":"2014-08-28T05:24:38","date_gmt":"2014-08-28T05:24:38","guid":{"rendered":"http:\/\/themes.ingwar.net\/swagger\/?post_type=product&#038;p=443"},"modified":"2016-12-15T08:02:27","modified_gmt":"2016-12-15T08:02:27","slug":"x-temali-altin-gerdanlik","status":"publish","type":"product","link":"http:\/\/www.arkar.com.tr\/?product=x-temali-altin-gerdanlik","title":{"rendered":"X temal\u0131 alt\u0131n gerdanl\u0131k"},"content":{"rendered":"<p>Alt\u0131n Gerdanl\u0131k kad\u0131nlar\u0131n \u00f6zel g\u00fcn ve gecelerde \u015f\u0131k elbiselerinin \u00fczerine takmak i\u00e7in tasarlanan en g\u00f6zde tak\u0131d\u0131r, daha fazla \u00e7e\u015fit ve yank\u0131ndan bakmak ve kalitemizi incelemek i\u00e7in l\u00fctfen\u00a0Arkar Kuyumculuk ma\u011fazam\u0131z\u0131 ziyaret ediniz.<\/p>\n","protected":false},"excerpt":{"rendered":"<p>Alt\u0131n Gerdanl\u0131k kad\u0131nlar\u0131n \u00f6zel g\u00fcn ve gecelerde \u015f\u0131k elbiselerinin \u00fczerine takmak i\u00e7in tasarlanan en g\u00f6zde tak\u0131d\u0131r, daha fazla \u00e7e\u015fit ve yank\u0131ndan bakmak ve kalitemizi incelemek i\u00e7in l\u00fctfen\u00a0Arkar Kuyumculuk ma\u011fazam\u0131z\u0131 ziyaret ediniz.<\/p>\n","protected":false},"featured_media":1096,"comment_status":"closed","ping_status":"closed","template":"","meta":[],"product_brand":[],"product_cat":[47],"product_tag":[67,68],"class_list":{"0":"post-443","1":"product","2":"type-product","3":"status-publish","4":"has-post-thumbnail","6":"product_cat-gerdanlik","7":"product_tag-altin","8":"product_tag-gerdanlik","11":"first","12":"instock","13":"taxable","14":"shipping-taxable","15":"product-type-simple"},"_links":{"self":[{"href":"http:\/\/www.arkar.com.tr\/index.php?rest_route=\/wp\/v2\/product\/443","targetHints":{"allow":["GET"]}}],"collection":[{"href":"http:\/\/www.arkar.com.tr\/index.php?rest_route=\/wp\/v2\/product"}],"about":[{"href":"http:\/\/www.arkar.com.tr\/index.php?rest_route=\/wp\/v2\/types\/product"}],"replies":[{"embeddable":true,"href":"http:\/\/www.arkar.com.tr\/index.php?rest_route=%2Fwp%2Fv2%2Fcomments&post=443"}],"wp:featuredmedia":[{"embeddable":true,"href":"http:\/\/www.arkar.com.tr\/index.php?rest_route=\/wp\/v2\/media\/1096"}],"wp:attachment":[{"href":"http:\/\/www.arkar.com.tr\/index.php?rest_route=%2Fwp%2Fv2%2Fmedia&parent=443"}],"wp:term":[{"taxonomy":"product_brand","embeddable":true,"href":"http:\/\/www.arkar.com.tr\/index.php?rest_route=%2Fwp%2Fv2%2Fproduct_brand&post=443"},{"taxonomy":"product_cat","embeddable":true,"href":"http:\/\/www.arkar.com.tr\/index.php?rest_route=%2Fwp%2Fv2%2Fproduct_cat&post=443"},{"taxonomy":"product_tag","embeddable":true,"href":"http:\/\/www.arkar.com.tr\/index.php?rest_route=%2Fwp%2Fv2%2Fproduct_tag&post=443"}],"curies":[{"name":"wp","href":"https:\/\/api.w.org\/{rel}","templated":true}]}}